2.
64
Calculate the remainder when 4611900 is divided by 32478.
24
What is the remainder when 12391556 is divided by 45?
41
What is the remainder when 1026185 is divided by 67?
13
Calculate the remainder when 3651543 is divided by 193.
176
What is the remainder when 513058 is divided by 1813?
1792
What is the remainder when 2534425 is divided by 844775?
100
Calculate the remainder when 127906 is divided by 178.
102
What is the remainder when 2690203 is divided by 896714?
61
Calculate the remainder when 1098288 is divided by 19.
12
Calculate the remainder when 147934202 is divided by 63.
59
What is the remainder when 605575 is divided by 13?
9
What is the remainder when 316560037 is divided by 460?
457
What is the remainder when 1462405 is divided by 731084?
237
What is the remainder when 3854231 is divided by 963555?
11
Calculate the remainder when 20708 is divided by 56.
44
What is the remainder when 220846 is divided by 66?
10
What is the remainder when 1120242 is divided by 771?
750
What is the remainder when 400561 is divided by 133495?
76
Calculate the remainder when 6934531 is divided by 3558.
3547
What is the remainder when 130759 is divided by 7014?
4507
What is the remainder when 20892547 is divided by 1771?
60
Calculate the remainder when 82793 is divided by 2508.
29
What is the remainder when 68235212 is divided by 31?
27
What is the remainder when 15614967 is divided by 4421?
4416
Calculate the remainder when 29855126 is divided by 221.
15
What is the remainder when 360730 is divided by 7532?
6726
What is the remainder when 1359575 is divided by 11236?
19
What is the remainder when 353330 is divided by 117656?
362
What is the remainder when 70127444 is divided by 1593805?
24
Calculate the remainder when 18739288 is divided by 18739279.
9
Calculate the remainder when 6501711 is divided by 406355.
31
What is the remainder when 1059144 is divided by 238?
44
Calculate the remainder when 18663223 is divided by 811441.
80
What is the remainder when 1229100 is divided by 2566?
2552
Calculate the remainder when 11031434 is divided by 661.
5
Calculate the remainder when 8678248 is divided by 3857.
3855
Calculate the remainder when 733868992 is divided by 121.
120
What is the remainder when 4229742 is divided by 845830?
592
What is the remainder when 17622771 is divided by 13?
10
Calculate the remainder when 1752759 is divided by 62.
19
What is the remainder when 16114043 is divided by 85?
83
What is the remainder when 68226 is divided by 1677?
1146
What is the remainder when 340364 is divided by 184?
148
Calculate the remainder when 9433993 is divided by 187.
30
Calculate the remainder when 3222601 is divided by 1133.
349
What is the remainder when 892890 is divided by 42509?
201
Calculate the remainder when 1290595 is divided by 19855.
20
Calculate the remainder when 26825818 is divided by 31.
30
What is the remainder when 328370 is divided by 4498?
16
Calculate the remainder when 367575406 is divided by 17.
12
Calculate the remainder when 18361194 is divided by 16954.
12
Calculate the remainder when 5359761 is divided by 97446.
231
What is the remainder when 42827 is divided by 20396?
2035
What is the remainder when 471746 is divided by 471645?
101
Calculate the remainder when 2333335 is divided by 834.
637
Calculate the remainder when 136853 is divided by 565.
123
What is the remainder when 1642264 is divided by 128?
24
Calculate the remainder when 1348565 is divided by 1677.
257
Calculate the remainder when 7982692 is divided by 73.
69
Calculate the remainder when 484283 is divided by 108.
11
What is the remainder when 71731 is divided by 1327?
73
Calculate the remainder when 127632 is divided by 63762.
108
What is the remainder when 21939665 is divided by 101?
41
Calculate the remainder when 8432244 is divided by 5603.
5332
What is the remainder when 329778808 is divided by 32977880?
8
What is the remainder when 253190 is divided by 8160?
230
What is the remainder when 7894761 is divided by 7894743?
18
Calculate the remainder when 425779 is divided by 23646.
151
What is the remainder when 966147 is divided by 965916?
231
What is the remainder when 2150726 is divided by 6?
2
What is the remainder when 182206 is divided by 22?
2
What is the remainder when 51793 is divided by 1029?
343
What is the remainder when 1069170 is divided by 1668?
1650
What is the remainder when 29550 is divided by 628?
34
Calculate the remainder when 5752713 is divided by 87.
12
Calculate the remainder when 55653 is divided by 3236.
641
Calculate the remainder when 402312 is divided by 285.
177
Calculate the remainder when 43221 is divided by 5387.
125
Calculate the remainder when 30540886 is divided by 1512.
1510
Calculate the remainder when 626468 is divided by 1774.
246
Calculate the remainder when 71526 is divided by 35699.
128
What is the remainder when 1713935 is divided by 571311?
2
Calculate the remainder when 5327215 is divided by 1775666.
217
Calculate the remainder when 369758 is divided by 41079.
47
Calculate the remainder when 3148641 is divided by 1761.
1734
What is the remainder when 1635737 is divided by 5175?
437
What is the remainder when 13431893 is divided by 1119323?
17
What is the remainder when 9627448 is divided by 25?
23
Calculate the remainder when 4629519 is divided by 102878.
9
What is the remainder when 1781188 is divided by 53975?
13
What is the remainder when 1058 is divided by 7?
1
Calculate the remainder when 44068 is divided by 14544.
436
What is the remainder when 1244385 is divided by 488?
473
What is the remainder when 3215097 is divided by 8666?
11
Calculate the remainder when 15114717 is divided by 32.
29
Calculate the remainder when 60179 is divided by 30083.
13
Calculate the remainder when 20641255 is divided by 874.
871
Calculate the remainder when 209799 is divided by 1214.
991
What is the remainder when 6103188 is divided by 10206?
0
Calculate the remainder when 4769290 is divided by 1353.
1318
Calculate the remainder when 979056 is divided by 166.
154
Calculate the remainder when 18535254 is divided by 954.
942
Calculate the remainder when 152961 is divided by 152953.
8
What is the remainder when 2247774 is divided by 282?
234
Calculate the remainder when 54063 is divided by 10794.
93
Calculate the remainder when 857985 is divided by 214468.
113
What is the remainder when 153645 is divided by 9383?
3517
What is the remainder when 1394640 is divided by 34?
28
Calculate the remainder when 8615331 is divided by 1527.
1524
What is the remainder when 90206 is divided by 569?
304
What is the remainder when 206026 is divided by 51390?
466
Calculate the remainder when 508828 is divided by 84803.
10
Calculate the remainder when 65097857 is divided by 854.
853
What is the remainder when 37939 is divided by 2381?
2224
Calculate the remainder when 295319 is divided by 1132.
999
Calculate the remainder when 2431590 is divided by 95.
65
Calculate the remainder when 193595 is divided by 281.
267
Calculate the remainder when 1188584 is divided by 38.
20
What is the remainder when 3477601 is divided by 4898?
21
What is the remainder when 4005228 is divided by 70267?
9
Calculate the remainder when 6942415 is divided by 277687.
240
Calculate the remainder when 373168 is divided by 125.
43
Calculate the remainder when 2468869 is divided by 102848.
517
Calculate the remainder when 2909361 is divided by 731.
712
What is the remainder when 8066614 is divided by 1261?
1258
Calculate the remainder when 518867 is divided by 257680.
3507
What is the remainder when 145886 is divided by 7412?
5058
Calculate the remainder when 895507 is divided by 193.
180
Calculate the remainder when 1022558 is divided by 10341.
9140
What is the remainder when 209954 is divided by 1717?
480
Calculate the remainder when 92504 is divided by 18477.
119
Calculate the remainder when 441126839 is divided by 15.
14
What is the remainder when 94697 is divided by 1012?
581
Calculate the remainder when 231053 is divided by 32992.
109
Calculate the remainder when 13617498 is divided by 12.
6
Calculate the remainder when 113792518 is divided by 114.
112
What is the remainder when 1970072 is divided by 8914?
78
What is the remainder when 173793 is divided by 1176?
921
Wh